mmon factor of 51208 and 13594096.
296
What is the greatest common factor of 55878 and 1020678?
402
Calculate the greatest common divisor of 64886062 and 1304.
326
Calculate the highest common divisor of 1050 and 29049650.
350
What is the greatest common factor of 66034115 and 490?
245
What is the highest common divisor of 13207107 and 9?
3
Calculate the highest common divisor of 55 and 20669615.
5
Calculate the greatest common factor of 19753408 and 5104.
464
Calculate the greatest common factor of 104040 and 102429.
9
What is the highest common divisor of 54980510 and 260?
130
What is the highest common divisor of 28084 and 541688?
476
Calculate the greatest common factor of 681849 and 6715.
79
What is the greatest common factor of 8284564 and 62?
62
Calculate the highest common divisor of 2137139235 and 55.
55
Calculate the highest common divisor of 26182 and 399893.
247
What is the highest common factor of 7524674 and 866?
866
What is the highest common divisor of 109871 and 17043?
23
Calculate the greatest common divisor of 153 and 8948647.
17
What is the highest common divisor of 23 and 2335985938?
23
Calculate the greatest common divisor of 2307 and 4854.
3
Calculate the highest common factor of 21832754 and 1474.
134
What is the highest common factor of 221 and 2579768581?
221
Calculate the greatest common divisor of 891 and 367202.
11
What is the highest common factor of 169824 and 54114?
174
Calculate the greatest common factor of 46445 and 140.
35
Calculate the greatest common factor of 85581366 and 31578.
1662
Calculate the greatest common factor of 92895310 and 18170.
790
What is the highest common factor of 4 and 21993242?
2
What is the highest common factor of 6229174 and 1666?
1666
What is the highest common factor of 52036118 and 1135?
227
Calculate the highest common divisor of 12088 and 110325665.
1511
Calculate the highest common factor of 70 and 4928098.
14
Calculate the highest common factor of 236156 and 500348.
172
Calculate the greatest common factor of 11540 and 92.
4
Calculate the greatest common divisor of 32 and 5308304.
16
What is the greatest common factor of 2262400 and 18144?
224
Calculate the greatest common divisor of 24416 and 600992.
224
What is the highest common factor of 500267480 and 1840?
920
What is the highest common factor of 70 and 403090?
10
What is the highest common factor of 105542 and 340443?
467
Calculate the greatest common divisor of 16019736 and 11.
1
Calculate the highest common divisor of 9187844 and 13266.
134
What is the greatest common divisor of 4980346 and 4816?
602
What is the highest common factor of 7686034 and 678?
226
Calculate the highest common factor of 87554451 and 57.
57
What is the highest common divisor of 19764 and 576328?
244
What is the highest common divisor of 49320770 and 380?
190
What is the highest common divisor of 140803 and 2327?
13
Calculate the greatest common divisor of 8653415 and 95.
5
What is the highest common factor of 6037900 and 36?
4
Calculate the highest common factor of 47 and 46059389.
47
What is the greatest common divisor of 1050 and 312525?
75
Calculate the highest common divisor of 28015 and 21515089.
431
Calculate the highest common factor of 80849717 and 39.
13
Calculate the highest common factor of 28428647 and 9256.
1157
Calculate the highest common divisor of 194 and 56715221.
97
What is the greatest common divisor of 8007948 and 252?
36
What is the highest common factor of 72 and 14895288?
72
What is the highest common divisor of 2493 and 45596139?
831
Calculate the greatest common divisor of 2498240 and 52096.
2368
What is the highest common divisor of 26 and 8255507?
13
Calculate the greatest common factor of 12296 and 10400560.
232
What is the greatest common divisor of 2436 and 790944?
84
What is the greatest common factor of 3635151 and 754?
13
What is the greatest common divisor of 405019 and 18383?
593
What is the greatest common factor of 44 and 184849412?
44
What is the greatest common factor of 1031466 and 24357?
1059
What is the greatest common divisor of 5960 and 35725730?
1490
What is the greatest common factor of 11441895 and 30?
15
Calculate the greatest common divisor of 10 and 1262729190.
10
What is the highest common factor of 5662372 and 940?
188
Calculate the greatest common factor of 73025 and 16085947.
2921
What is the highest common factor of 101562188 and 156?
52
What is the highest common divisor of 9002415 and 36385?
1915
Calculate the highest common divisor of 76014 and 43372998.
738
What is the highest common factor of 1799542 and 5205?
347
Calculate the highest common factor of 1980 and 5669268.
132
What is the greatest common divisor of 88324 and 2372308?
1244
Calculate the greatest common factor of 2992 and 407408.
16
What is the greatest common factor of 1505192 and 1558?
82
Calculate the greatest common factor of 19014877 and 266.
133
Calculate the highest common divisor of 672 and 101706864.
336
Calculate the highest common divisor of 2405 and 12907635.
2405
What is the greatest common factor of 1776 and 3249144?
24
What is the greatest common factor of 161143867 and 34?
17
Calculate the greatest common divisor of 528 and 166266584.
88
Calculate the greatest common factor of 49293198 and 48.
6
What is the highest common divisor of 2110939479 and 22?
11
Calculate the highest common factor of 1577317 and 2828.
707
Calculate the greatest common divisor of 224825 and 12995.
115
What is the greatest common divisor of 2636 and 2434400038?
1318
What is the greatest common divisor of 165549 and 27939?
417
Calculate the highest common divisor of 4197 and 42353326.
1399
Calculate the highest common divisor of 338 and 7827742.
338
What is the greatest common factor of 8959635 and 5?
5
Calculate the greatest common divisor of 32574 and 2381640.
534
What is the highest common divisor of 46845433 and 403?
31
What is the greatest common divisor of 2773 and 2029206529?
2773
What is the highest common factor of 7791 and 4782561?
1113
Calculate the greatest common factor of 196159 and 11.
1
Calculate the highest common factor of 5146 and 323036.
166
What is the greatest common divisor of 204774500 and 164?
164
What is the greatest common divisor of 478632 and 17787?
1617
What is the greatest common factor of 9138538 and 4814?
58
What is the highest common divisor of 76590 and 1198530?
2070
What is the highest common divisor of 3 and 404104?
1
What is the highest common factor of 169 and 491192?
13
What is the greatest common divisor of 2603674 and 388?
194
What is the highest common factor of 20159 and 475323?
19
Calculate the greatest common factor of 32296 and 28468.
44
Calculate the greatest common divisor of 3660 and 10892820.
60
What is the greatest common divisor of 14001912 and 54?
18
What is the greatest common factor of 1269939855 and 645?
645
Calculate the greatest common divisor of 145215519 and 852.
213
Calculate the greatest common divisor of 853216 and 5621791.
2051
Calculate the greatest common divisor of 101703672 and 54.
18
What is the highest common factor of 46198288 and 16?
16
Calculate the highest common divisor of 12294136 and 31896.
3544
Calculate the highest common divisor of 90 and 14118480.
90
Calculate the greatest common divisor of 1548 and 12696.
12
Calculate the highest common divisor of 16762423 and 94691.
529
Calculate the highest common divisor of 1800826 and 604.
302
What is the highest common factor of 117 and 59467746?
39
What is the greatest common factor of 1098608 and 138992?
1904
What is the highest common divisor of 292624 and 240?
16
What is the highest common factor of 132 and 605634480?
132
What is the greatest common factor of 1731547 and 38703?
97
What is the highest common divisor of 24 and 98667762?
6
What is the greatest common factor of 13731770 and 2120?
530
What is the highest common factor of 1 and 3928604?
1
Calculate the greatest common divisor of 183 and 32569730.
61
What is the highest common factor of 731 and 3012666?
43
What is the greatest common divisor of 3243088 and 40?
8
Calculate the greatest common factor of 11343912 and 534.
6
Calculate the highest common factor of 1160604 and 1545.
309
What is the highest common divisor of 13219330 and 124?
62
Calcu